 (base 10) in base 4?
13
Convert 13 (base 10) to base 2.
1101
Convert 9 (base 12) to base 4.
21
12 (base 8) to base 2
1010
What is 31 (base 5) in base 10?
16
What is -4 (base 7) in base 10?
-4
Convert 8 (base 11) to base 9.
8
Convert -1140 (base 5) to base 11.
-145
-110010 (base 2) to base 5
-200
1 (base 9) to base 13
1
0 (base 3) to base 14
0
What is -10 (base 11) in base 8?
-13
What is -10101 (base 3) in base 12?
-77
Convert -10 (base 3) to base 10.
-3
What is 10220 (base 3) in base 14?
77
Convert -1202 (base 3) to base 9.
-52
What is 91 (base 13) in base 8?
166
Convert 0 (base 3) to base 15.
0
What is 20 (base 6) in base 4?
30
-52 (base 13) to base 5
-232
Convert -14 (base 13) to base 7.
-23
-1 (base 9) to base 2
-1
104 (base 12) to base 10
148
What is -3 (base 15) in base 8?
-3
What is -18 (base 13) in base 16?
-15
Convert -5 (base 8) to base 2.
-101
What is -13 (base 8) in base 4?
-23
-22 (base 5) to base 9
-13
-1120 (base 3) to base 15
-2c
Convert 30 (base 4) to base 15.
c
What is -10100 (base 2) in base 12?
-18
Convert 24 (base 11) to base 2.
11010
Convert 43 (base 7) to base 3.
1011
What is -4 (base 10) in base 2?
-100
What is -3 (base 12) in base 5?
-3
Convert -10 (base 8) to base 3.
-22
44 (base 16) to base 11
62
Convert 1 (base 16) to base 10.
1
-1 (base 12) to base 3
-1
What is -5a (base 15) in base 5?
-320
What is -3 (base 9) in base 7?
-3
Convert 33 (base 16) to base 12.
43
What is -28 (base 9) in base 10?
-26
Convert 13 (base 12) to base 2.
1111
Convert -100111 (base 2) to base 9.
-43
Convert 332 (base 7) to base 16.
aa
What is -18 (base 13) in base 7?
-30
-11 (base 12) to base 8
-15
Convert -2022 (base 5) to base 10.
-262
What is 5 (base 14) in base 15?
5
Convert -130 (base 5) to base 13.
-31
What is -1 (base 2) in base 4?
-1
What is -1 (base 5) in base 3?
-1
234 (base 6) to base 15
64
Convert -16 (base 10) to base 7.
-22
Convert -2044 (base 5) to base 14.
-158
What is 113 (base 4) in base 7?
32
Convert 67 (base 8) to base 16.
37
What is -1 (base 5) in base 2?
-1
-110 (base 2) to base 11
-6
-47 (base 9) to base 13
-34
Convert 6d (base 15) to base 13.
7c
231 (base 5) to base 2
1000010
What is -11a (base 12) in base 8?
-246
What is -89 (base 12) in base 10?
-105
What is 11 (base 7) in base 3?
22
What is -4 (base 8) in base 15?
-4
Convert 2211 (base 3) to base 10.
76
c (base 16) to base 2
1100
Convert 11000 (base 2) to base 3.
220
Convert -75 (base 8) to base 14.
-45
16 (base 15) to base 5
41
What is -100101010 (base 2) in base 4?
-10222
Convert -10 (base 3) to base 8.
-3
What is -5 (base 8) in base 7?
-5
-26 (base 10) to base 4
-122
Convert -4a (base 14) to base 11.
-60
1 (base 16) to base 7
1
Convert -2 (base 11) to base 7.
-2
Convert 3 (base 11) to base 2.
11
Convert 14 (base 16) to base 4.
110
Convert -20102 (base 3) to base 8.
-255
What is 4 (base 14) in base 6?
4
Convert 2 (base 14) to base 2.
10
4 (base 8) to base 11
4
Convert 11 (base 2) to base 10.
3
What is -4 (base 12) in base 5?
-4
What is 89 (base 11) in base 15?
67
What is 11 (base 16) in base 2?
10001
What is -3 (base 6) in base 10?
-3
What is 21 (base 14) in base 16?
1d
9 (base 12) to base 10
9
-b (base 13) to base 4
-23
-16 (base 9) to base 8
-17
Convert -4 (base 11) to base 5.
-4
-20 (base 15) to base 12
-26
Convert -4 (base 15) to base 13.
-4
-1 (base 15) to base 2
-1
Convert 41 (base 15) to base 16.
3d
Convert 223 (base 10) to base 13.
142
What is 4 (base 7) in base 13?
4
Convert 274 (base 8) to base 10.
188
145 (base 9) to base 6
322
What is 2 (base 8) in base 9?
2
What is 221 (base 8) in base 12?
101
Convert -10010 (base 2) to base 16.
-12
What is -42 (base 5) in base 7?
-31
Convert 1100 (base 2) to base 3.
110
Convert 9 (base 16) to base 2.
1001
Convert -3 (base 13) to base 10.
-3
Convert -21 (base 7) to base 9.
-16
-111 (base 3) to base 2
-1101
What is -1 (base 8) in base 4?
-1
Convert 76 (base 11) to base 6.
215
Convert 6 (base 10) to base 16.
6
What is 3 (base 16) in base 7?
3
What is 23 (base 14) in base 5?
111
Convert 11 (base 9) to base 11.
a
What is 51 (base 15) in base 2?
1001100
Convert -3 (base 13) to base 8.
-3
Convert -5 (base 15) to base 10.
-5
Convert -3 (base 5) to base 16.
-3
Convert 1 (base 3) to base 8.
1
What is 122 (base 7) in base 4?
1001
Convert 9 (base 15) to base 8.
11
Convert 21 (base 3) to base 11.
7
What is 6 (base 16) in base 11?
6
-94 (base 14) to base 5
-1010
Convert 2 (base 9) to base 7.
2
1 (base 4) to base 11
1
Convert 1 (base 8) to base 9.
1
What is -1 (base 12) in base 8?
-1
-10 (base 10) to base 11
-a
Convert -2310 (base 5) to base 6.
-1310
What is 110 (base 2) in base 9?
6
-60 (base 8) to base 7
-66
Convert 11 (base 12) to base 4.
31
What is 11 (base 3) in base 5?
4
What is 312 (base 6) in base 5?
431
-6 (base 14) to base 4
-12
2 (base 9) to base 5
2
What is -33 (base 15) in base 12?
-40
What is 5 (base 8) in base 6?
5
What is 0 (base 7) in base 3?
0
Convert 27 (base 8) to base 5.
43
What is -32 (base 11) in base 12?
-2b
What is 101 (base 2) in base 7?
5
What is 3 (base 10) in base 3?
10
What is -119 (base 15) in base 4?
-3321
What is 32 (base 5) in base 6?
25
-b (base 15) to base 10
-11
Convert -47 (base 16) to base 15.
-4b
72 (base 14) to base 9
121
What is 101011 (base 2) in base 4?
223
What is -118 (base 13) in base 15?
-ca
What is 3 (base 15) in base 9?
3
221 (base 5) to base 4
331
Convert 31 (base 5) to base 7.
22
Convert -1100 (base 2) to base 8.
-14
Convert -19 (base 12) to base 8.
-25
4 (base 13) to base 12
4
Convert 4b (base 13) to base 7.
120
Convert 7 (base 11) to base 12.
7
What is 12 (base 5) in base 8?
7
What is 4 (base 14) in base 11?
4
Convert -2 (base 14) to base 11.
-2
1 (base 14) to base 8
1
Convert -a6 (base 12) to base 8.
-176
What is -9 (base 13) in base 7?
-12
What is 57 (base 10) in base 4?
321
What is -101200 (base 3) in base 9?
-350
What is 243 (base 5) in base 2?
1001001
-51 (base 11) to base 10
-56
What is 10 (base 8) in base 2?
1000
Convert -201 (base 5) to base 10.
-51
What is -63 (base 8) in base 5?
-201
Convert -100 (base 2) to base 12.
-4
What is -16 (base 7) in base 13?
-10
Convert -16 (base 13) to base 4.
-103
Convert 1 (base 9) to base 2.
1
What is 44 (base 6) in base 11?
26
3 (base 6) to base 7
3
-65 (base 7) to base 15
-32
6 (base 11) to base 10
6
What is 153 (base 10) in base 5?
1103
What is -20 (base 6) in base 2?
-1100
2 (base 11) to base 15
2
Convert 24 (base 15) to base 4.
202
-2 (base 12) to base 3
-2
What is -6 (base 9) in base 3?
-20
What is 2 (base 6) in base 11?
2
What is 10 (base 4) in base 12?
4
Convert 28 (base 9) to base 10.
26
What is -122 (base 4) in base 12?
-22
What is 0 (base 7) in base 15?
0
Convert -113 (base 4) to base 15.
-18
What is -5 (base 7) in base 10?
-5
-3 (base 11) to base 2
-11
12 (base 11) to base 12
11
11 (base 7) to base 13
8
What is -1 (base 10) in base 14?
-1
Convert -223 (base 6) to base 8.
-127
Convert -21 (base 3) to base 16.
-7
-100 (base 2) to base 13
-4
What is 3 (base 7) in base 15?
3
Convert 0 (base 5) to base 9.
0
Convert -8 (base 11) to base 3.
-22
3 (base 15) to base 10
3
Convert 1b (base 13) to base 14.
1a
1 (base 12) to base 14
1
What is -6 (base 11) in base 13?
-6
What is 2 (base 7) in base 4?
2
Convert -d1 (base 15) to base 11.
-169
Convert 6 (base 10) to base 11.
6
What is -210 (base 3) in base 5?
-41
-1 (base 2) to base 8
-1
What is 9 (base 11) in base 16?
9
-21 (base 14) to base 16
-1d
Convert 40 (base 9) to base 12.
30
What is 33 (base 5) in base 13?
15
2 (base 5) to base 7
2
Convert -320 (base 5) to base 8.
-125
Convert -2 (base 15) to base 11.
-2
Convert 1 (base 13) to base 5.
1
-10 (base 4) to base 14
-4
Convert 12 (base 14) to base 9.
17
51 (base 6) to base 7
43
2 (base 6) to base 2
10
What is 1 (base 9) in base 4?
1
What is 88 (base 16) in base 11?
114
24 (base 6) to base 15
11
276 (base 12) to base 8
572
What is 441 (base 6) in base 3?
20021
Convert -95 (base 11) to base 10.
-104
Convert -2 (base 5) to base 11.
-2
-94 (base 10) to base 8
-136
-233 (base 7) to base 8
-172
What is -11 (base 10) in base 7?
-14
Convert 332 (base 4) to base 5.
222
-11 (base 8) to base 10
-9
-15 (base 13) to base 15
-13
-e (base 15) to base 14
-10
-110001 (base 2) to base 10
-49
0 (base 3) to base 9
0
-72 (base 10) to base 6
-200
-2 (base 5